{"id":1090,"date":"2018-07-02T20:11:33","date_gmt":"2018-07-02T23:11:33","guid":{"rendered":"https:\/\/ensvillaelisa-ers.infd.edu.ar\/sitio\/autoridades\/"},"modified":"2026-08-06T21:06:55","modified_gmt":"2026-08-07T00:06:55","slug":"autoridades","status":"publish","type":"page","link":"https:\/\/ensvillaelisa-ers.infd.edu.ar\/sitio\/autoridades\/","title":{"rendered":"Autoridades"},"content":{"rendered":"<p><span style=\"font-size: 12pt; font-family: verdana,geneva;\"><span style=\"color: #000000;\"><span style=\"font-size: 12pt;\">Rectora: <strong>Lic. Salazar Andrea<\/strong><\/span><\/span><\/span><\/p>\n<p><span style=\"font-size: 12pt; font-family: verdana,geneva;\">Vice Rectora: <span style=\"font-size: 12pt;\"><strong>Lic. Bast\u00edan Vanesa<\/strong><\/span><\/span><\/p>\n<p><span style=\"font-size: 12pt; font-family: verdana,geneva;\">Secretaria<strong>: <span style=\"font-size: 12pt;\"><strong>Prof. Galv\u00e1n Ver\u00f3nica\u00a0<\/strong><\/span><br \/>\n<\/strong><\/span><\/p>\n<p><span style=\"font-size: 12pt; font-family: verdana,geneva;\">Prosecretaria: <strong>Lic. Guy Sandra<br \/>\n<\/strong><\/span><\/p>\n<p><span style=\"font-size: 12pt; font-family: verdana,geneva;\">Directora de Educaci\u00f3n Primaria: <strong>Prof. Durand Daniela<\/strong><\/span><\/p>\n<p><span style=\"font-size: 12pt; font-family: verdana,geneva;\">Vicedirectora de Educaci\u00f3n Primaria: <strong>Prof. Lugr\u00edn Natalia<\/strong><\/span><\/p>\n<p><span style=\"font-size: 12pt;\"><span style=\"font-family: book antiqua,palatino;\"><span style=\"font-family: verdana,geneva;\">Secretario Acad\u00e9mico: <\/span><strong><span style=\"font-family: verdana,geneva;\">Prof. Cravero Mat\u00edas<\/span><br \/>\n<\/strong><\/span><\/span><\/p>\n<p><span style=\"font-size: 12pt;\"><span style=\"font-family: book antiqua,palatino;\"><strong>\u00a0<\/strong><\/span><\/span><\/p>\n","protected":false},"excerpt":{"rendered":"<p>Rectora: Lic. Salazar Andrea Vice Rectora: Lic. Bast\u00edan Vanesa Secretaria: Prof. Galv\u00e1n Ver\u00f3nica\u00a0 Prosecretaria: Lic. Guy Sandra Directora de Educaci\u00f3n Primaria: Prof. Durand Daniela Vicedirectora de Educaci\u00f3n Primaria: Prof. Lugr\u00edn Natalia Secretario Acad\u00e9mico: Prof. Cravero Mat\u00edas \u00a0<\/p>\n","protected":false},"author":1045,"featured_media":0,"parent":0,"menu_order":0,"comment_status":"closed","ping_status":"closed","template":"","meta":[],"acf":[],"_links":{"self":[{"href":"https:\/\/ensvillaelisa-ers.infd.edu.ar\/sitio\/wp-json\/wp\/v2\/pages\/1090"}],"collection":[{"href":"https:\/\/ensvillaelisa-ers.infd.edu.ar\/sitio\/wp-json\/wp\/v2\/pages"}],"about":[{"href":"https:\/\/ensvillaelisa-ers.infd.edu.ar\/sitio\/wp-json\/wp\/v2\/types\/page"}],"author":[{"embeddable":true,"href":"https:\/\/ensvillaelisa-ers.infd.edu.ar\/sitio\/wp-json\/wp\/v2\/users\/1045"}],"replies":[{"embeddable":true,"href":"https:\/\/ensvillaelisa-ers.infd.edu.ar\/sitio\/wp-json\/wp\/v2\/comments?post=1090"}],"version-history":[{"count":8,"href":"https:\/\/ensvillaelisa-ers.infd.edu.ar\/sitio\/wp-json\/wp\/v2\/pages\/1090\/revisions"}],"predecessor-version":[{"id":6461,"href":"https:\/\/ensvillaelisa-ers.infd.edu.ar\/sitio\/wp-json\/wp\/v2\/pages\/1090\/revisions\/6461"}],"wp:attachment":[{"href":"https:\/\/ensvillaelisa-ers.infd.edu.ar\/sitio\/wp-json\/wp\/v2\/media?parent=1090"}],"curies":[{"name":"wp","href":"https:\/\/api.w.org\/{rel}","templated":true}]}}

<p><span style="font-size: 12pt; font-family: verdana,geneva;"><span style="color: #000000;"><span style="font-size: 12pt;">Rectora: <strong>Lic. Salazar Andrea</strong></span></span></span></p>
<p><span style="font-size: 12pt; font-family: verdana,geneva;">Vice Rectora: <span style="font-size: 12pt;"><strong>Lic. Bastían Vanesa</strong></span></span></p>
<p><span style="font-size: 12pt; font-family: verdana,geneva;">Secretaria<strong>: <span style="font-size: 12pt;"><strong>Prof. Galván Verónica </strong></span><br />
</strong></span></p>
<p><span style="font-size: 12pt; font-family: verdana,geneva;">Prosecretaria: <strong>Lic. Guy Sandra<br />
</strong></span></p>
<p><span style="font-size: 12pt; font-family: verdana,geneva;">Directora de Educación Primaria: <strong>Prof. Durand Daniela</strong></span></p>
<p><span style="font-size: 12pt; font-family: verdana,geneva;">Vicedirectora de Educación Primaria: <strong>Prof. Lugrín Natalia</strong></span></p>
<p><span style="font-size: 12pt;"><span style="font-family: book antiqua,palatino;"><span style="font-family: verdana,geneva;">Secretario Académico: </span><strong><span style="font-family: verdana,geneva;">Prof. Cravero Matías</span><br />
</strong></span></span></p>
<p><span style="font-size: 12pt;"><span style="font-family: book antiqua,palatino;"><strong> </strong></span></span></p>

<p>Rectora: Lic. Salazar Andrea Vice Rectora: Lic. Bastían Vanesa Secretaria: Prof. Galván Verónica  Prosecretaria: Lic. Guy Sandra Directora de Educación Primaria: Prof. Durand Daniela Vicedirectora de Educación Primaria: Prof. Lugrín Natalia Secretario Académico: Prof. Cravero Matías  </p>
